5883825?
5, 635353
What are the prime factors of 238598776?
2, 13, 29, 79111
List the prime factors of 159299428.
2, 39824857
What are the prime factors of 163996784?
2, 7, 1464257
What are the prime factors of 598492753?
598492753
List the prime factors of 3171142385.
5, 21397, 29641
List the prime factors of 26709126.
2, 3, 107, 41603
What are the prime factors of 537202825?
5, 21488113
List the prime factors of 1576444213.
1576444213
List the prime factors of 6850004256.
2, 3, 23, 1034119
List the prime factors of 284805277.
31, 9187267
What are the prime factors of 8422117?
11, 23, 33289
List the prime factors of 60089968.
2, 17, 220919
What are the prime factors of 69200073?
3, 569, 13513
List the prime factors of 404315804.
2, 23, 4394737
List the prime factors of 199993811.
3187, 62753
List the prime factors of 1130084737.
23, 49134119
List the prime factors of 793329187.
7, 757, 149713
List the prime factors of 117724847.
17, 6924991
What are the prime factors of 469587405?
3, 5, 7, 4472261
What are the prime factors of 1570306226?
2, 79, 9938647
List the prime factors of 228605345.
5, 157, 291217
What are the prime factors of 35301427?
7, 491, 10271
List the prime factors of 1181980992.
2, 3, 1531, 4021
What are the prime factors of 818992784?
2, 3083, 16603
List the prime factors of 45524898.
2, 3, 2529161
What are the prime factors of 172305768?
2, 3, 193, 37199
What are the prime factors of 4575510473?
379, 823, 14669
What are the prime factors of 1592529878?
2, 19, 5099, 8219
What are the prime factors of 2351886428?
2, 29, 797, 25439
What are the prime factors of 835762320?
2, 3, 5, 386927
What are the prime factors of 135035097?
3, 17, 677, 3911
List the prime factors of 42893425.
5, 1715737
What are the prime factors of 2035668230?
2, 5, 17, 47, 254777
List the prime factors of 1319660012.
2, 11, 29992273
List the prime factors of 1409558216.
2, 11, 37, 97, 4463
What are the prime factors of 774488353?
769, 1007137
List the prime factors of 3893210752.
2, 449, 67741
What are the prime factors of 3030577071?
3, 1010192357
What are the prime factors of 7701821494?
2, 19, 202679513
What are the prime factors of 423012431?
423012431
List the prime factors of 6140765484.
2, 3, 7, 811, 30047
List the prime factors of 32264949.
3, 10754983
List the prime factors of 144466706.
2, 72233353
What are the prime factors of 2418299262?
2, 3, 134349959
List the prime factors of 2900801.
73, 79, 503
List the prime factors of 93624905.
5, 11, 29, 58699
List the prime factors of 12667741.
307, 41263
What are the prime factors of 3257411693?
277, 1187, 9907
List the prime factors of 275068438.
2, 137534219
What are the prime factors of 1008660552?
2, 3, 37, 1135879
List the prime factors of 1269434754.
2, 3, 7, 761, 1471
List the prime factors of 276186062.
2, 138093031
What are the prime factors of 153707526?
2, 3, 7, 53, 23017
List the prime factors of 410908404.
2, 3, 47, 728561
List the prime factors of 79690405.
5, 29, 549589
List the prime factors of 79891175.
5, 7, 13, 35117
What are the prime factors of 2675017551?
3, 891672517
List the prime factors of 348722514.
2, 3, 7, 395377
What are the prime factors of 1219850880?
2, 3, 5, 635339
List the prime factors of 1151717792.
2, 241, 149341
What are the prime factors of 2105560996?
2, 7, 11, 6836237
List the prime factors of 547258786.
2, 19, 37, 389231
List the prime factors of 620789120.
2, 5, 7, 138569
List the prime factors of 80001212.
2, 20000303
What are the prime factors of 420851033?
23, 359, 50969
What are the prime factors of 43922763?
3, 1626769
List the prime factors of 57704883.
3, 19234961
What are the prime factors of 271303365?
3, 5, 18086891
What are the prime factors of 352586388?
2, 3, 7, 11, 41, 227
List the prime factors of 83897064.
2, 3, 83, 101, 139
List the prime factors of 1227811216.
2, 76738201
What are the prime factors of 158984785?
5, 47, 113, 5987
List the prime factors of 19678425.
3, 5, 13, 20183
List the prime factors of 167522786.
2, 149, 641, 877
What are the prime factors of 1591288122?
2, 3, 265214687
What are the prime factors of 91172454?
2, 3, 15195409
What are the prime factors of 40272625?
5, 199, 1619
What are the prime factors of 1923839207?
29, 151, 461, 953
List the prime factors of 2242851540.
2, 3, 5, 4457, 8387
What are the prime factors of 92628789?
3, 11, 53, 211, 251
What are the prime factors of 2327289932?
2, 11, 73, 131, 5531
List the prime factors of 584570664.
2, 3, 8119037
List the prime factors of 100312044.
2, 3, 7, 29, 41179
What are the prime factors of 39173829?
3, 13057943
What are the prime factors of 214447925?
5, 31, 276707
List the prime factors of 102594906.
2, 3, 5699717
List the prime factors of 2275136507.
7, 29, 11207569
What are the prime factors of 534275810?
2, 5, 1447, 36923
What are the prime factors of 1433583307?
13, 19, 23, 277, 911
List the prime factors of 528965388.
2, 3, 7, 227, 1321
List the prime factors of 680023631.
7, 97146233
What are the prime factors of 1601119783?
29, 55211027
List the prime factors of 624607800.
2, 3, 5, 29, 35897
List the prime factors of 231701044.
2, 151, 383611
What are the prime factors of 2271885018?
2, 3, 13, 29126731
What are the prime factors of 35109417?
3, 7, 79, 21163
What are the prime factors of 10527077?
11, 23, 41609
What are the prime factors of 1230644370?
2, 3, 5, 1999, 20521
List the prime factors of 4289129711.
19, 225743669
List the prime factors of 392623376.
2, 24538961
List the prime factors of 293448824.
2, 47, 83, 9403
List the prime factors of 37659159.
3, 19, 67, 173
What are the prime factors of 117204433?
199, 373, 1579
What are the prime factors of 36625144?
2, 29, 157867
List the prime factors of 1168293498.
2, 3, 71, 2742473
List the prime factors of 3616295279.
16433, 220063
List the prime factors of 95551040.
2, 5, 13, 103, 223
What are the prime factors of 16362809?
613, 26693
What are the prime factors of 1217567118?
2, 3, 79, 709, 3623
List the prime factors of 1977605833.
7, 97, 2912527
What are the prime factors of 83468818?
2, 37, 1127957
What are the prime factors of 63815888?
2, 229, 17417
What are the prime factors of 23488015?
5, 47, 127, 787
What are the prime factors of 678957316?
2, 169739329
List the prime factors of 53325711.
3, 79, 179, 419
What are the prime factors of 1044884823?
3, 139, 193, 12983
What are the prime factors of 492666024?
2, 3, 20527751
List the prime factors of 52607324.
2, 7, 11, 109, 1567
What are the prime factors of 6788032324?
2, 41, 41390441
What are the prime factors of 312393928?
2, 7, 11, 46103
What are the prime factors of 109678016?
2, 7, 17, 14401
List the prime factors of 3904358150.
2, 5, 7, 11, 47, 21577
List the prime factors of 467218688.
2, 23, 73, 1087
What are the prime factors of 1311631942?
2, 655815971
What are the prime factors of 46035839?
46035839
What are the prime factors of 7404192941?
101, 73308841
List the prime factors of 98091315.
3, 5, 7, 137, 2273
List the prime factors of 96498832.
2, 6031177
What are the prime factors of 41001733?
41001733
List the prime factors of 16357395.
3, 5, 1090493
What are the prime factors of 220346959?
7, 29, 191, 5683
List the prime factors of 39473875.
5, 7, 197, 229
What are the prime factors of 320036478?
2, 3, 101, 367, 1439
What are the prime factors of 1226902367?
1226902367
List the prime factors of 317815748.
2, 17, 23, 203207
List the prime factors of 4479807.
3, 131, 11399
What are the prime factors of 429199563?
3, 13, 89, 123653
What are the prime factors of 59730473?
11, 5430043
What are the prime factors of 288438064?
2, 18027379
List the prime factors of 349471687.
103, 487, 6967
List the prime factors of 2640455.
5, 528091
What are the prime factors of 2430925836?
2, 3, 641, 316033
What are the prime factors of 67898113?
67898113
List the prime factors of 255414980.
2, 5, 12770749
List the prime factors of 2476356462.
2, 3, 251, 60901
List the prime factors of 137883556.
2, 2447, 14087
What are the prime factors of 3254052085?
5, 137, 577, 8233
What are the prime factors of 24085990?
2, 5, 397, 6067
List the prime factors of 72505423.
29, 2500187
List the prime factors of 511687930.
2, 5, 13, 17, 231533
What are the prime 